 a(t) = 23*t - 88. Let g be a(4). Give i(g).
-7
Let f(c) = 3*c**2 + 1. Suppose 0 = -4*b + 3*l - 8, -4*b - 13 = -5*l + 3. Give f(b).
4
Let i(d) be the second derivative of d**3/6 + 2*d**2 + 25*d. Give i(-6).
-2
Let l be (-12)/(-7) - (-4)/14. Suppose l*z + 6 = -6. Let s(k) = -k**3 - 6*k**2 - k - 5. Give s(z).
1
Let y(r) = 4*r. Let f(a) = 3*a - 1. Let b(z) = -3*f(z) + 2*y(z). Determine b(-3).
6
Let t(k) = -3*k - 4. Let f be (3/2)/(9/24). Give t(f).
-16
Let r(k) = 1 - 2 - k + 0*k + 2*k. What is r(-3)?
-4
Let g(y) = -y**3 + 8*y**2 - 7*y - 4. Let f(h) = 2*h**2 + 4*h + 1. Let t be f(-3). Calculate g(t).
-4
Let w = 20 + -14. Let h(n) = -n**2 + 7*n - 6. Calculate h(w).
0
Let u(x) = 7*x**3 + 10*x**2 + 5*x - 4. Let v be 4/6 - 208/24. Let z(l) = -11*l**3 - 15*l**2 - 8*l + 6. Let o(s) = v*u(s) - 5*z(s). Give o(-5).
2
Let x(y) = -y**2 - 7*y - 4. Suppose -g - 3*g = -l + 28, -l + 7 = -g. Determine x(g).
-4
Let y(t) = -7*t + 25*t - 8*t - 9*t + 1. What is y(-6)?
-5
Let i = -8 + 6. Let d(c) = 4*c + 2. What is d(i)?
-6
Let f be 2/(-7) - (-16)/7. Let v(s) = 10*s + 1 - 3*s**2 + 4*s**f - 5*s - 2*s**2. Calculate v(6).
-5
Let y(q) = 2*q**2 - 2*q - 6. Let r be y(0). Let n(f) = 3*f + 8. Determine n(r).
-10
Suppose 2*w + 45 = 5*f + 18, 3*f = 5*w + 39. Let g(a) = -a**2 - 3*a - 3. Calculate g(w).
-21
Suppose -2 = -r - 0, -5*b + 3*r + 24 = 0. Let k(t) = 2*t - 1. Give k(b).
11
Suppose 4*j + 2*l + 0*l = 14, 0 = 3*j + 2*l - 10. Let h(n) be the second derivative of -1/12*n**j + n + 1/6*n**3 + 2*n**2 + 0. What is h(3)?
-2
Let i(t) = -7*t - 3 + t**2 - 9*t + 15*t. Let a(b) = -b**2 + 8*b + 2. Let f be a(7). Suppose -2*y = y - f. What is i(y)?
3
Let d be -1 - ((-4)/5)/((-8)/(-20)). Let c(h) = h**2 - h - 1. Give c(d).
-1
Let f(m) = 5*m**2 - 2*m + 1. Let k be f(1). Let p(g) = g - 3. Let s(w) = -3*w + 12. Let z(n) = k*s(n) + 15*p(n). Let c = -7 - -3. Determine z(c).
-9
Suppose 2*z + 2*z = 40. Let h(s) = -5*s + s + z + 7*s - 4*s. Calculate h(5).
5
Suppose -5*l + 9*l - 24 = 0. Let p(k) = -k**3 + 6*k**2 - 3*k + 7. Calculate p(l).
-11
Let u = -5 + 8. Let v(d) = d**3 - 3*d**2 - 1. Determine v(u).
-1
Let s(f) = f - 9. Let u be s(5). Let r(g) = 0*g**3 - 4*g + 5*g**2 - 2 + g**3 - 2*g**2. What is r(u)?
-2
Let n(f) be the third derivative of 1/24*f**4 + 0*f + 0 + 1/3*f**3 - 3*f**2. What is n(-5)?
-3
Let r(u) = -u**3 - 3*u**2 + u - 4. Let a(i) = -i**3 - 8*i**2 - 7*i - 3. Let h be a(-7). Let o = -1 + h. Give r(o).
8
Suppose 0*n + 4 = n. Suppose 0 = -n*m + 3 + 5. Let l(a) = 1 + a**3 + a**2 - a + a + a - 4*a**m. Give l(2).
-1
Let b(d) = 3 + 2*d - 5 + d. Calculate b(-3).
-11
Let q(j) = -j**2 - 5*j + 9. Suppose 4*i + 41 = 13. Determine q(i).
-5
Let h(y) = -y + 6. Let g be ((-6)/(-4) - 1) + (-9)/(-2). Determine h(g).
1
Let y(m) = -9*m**3 - m**2. Let c = -16 + 15. Give y(c).
8
Suppose 2 = -d - 0, 7 = -t - 5*d. Suppose 2*h - t = -h. Let y(s) = -3*s**3 - s. What is y(h)?
-4
Let y(q) = 28 - q**2 - 5*q + 3*q - 25. Give y(-4).
-5
Let m(y) = 8 + 5*y**3 + y - y**3 + 11*y**2 + y**3 - 4*y**3. Determine m(-11).
-3
Let c be (-1 - -3)/((-16)/40). Let k(q) = 1 - 2 + 0 + 6*q - 4*q. What is k(c)?
-11
Let t be 1 - (4 - 6 - -1). Let n(r) = -2*r**2 + 2*r - 3. Determine n(t).
-7
Let d(c) = -3*c**2 + 2*c. Suppose 4*x - 2*b = 7*x - 1, 2*b - 16 = 2*x. Let g(m) = -2*m**2 + m - 1. Let h(q) = x*d(q) + 4*g(q). Calculate h(-3).
11
Let u(f) = 5*f**3 - 3*f**2 + f + 5. Let x(s) = -6*s**3 + 4*s**2 - s - 6. Let w(z) = -7*u(z) - 6*x(z). Suppose 2 = -4*y + 5*y. What is w(y)?
-5
Let y(z) = -2*z. Suppose 0*o = -3*o - 4*u + 68, -2*u = -4*o + 76. Let x = 2 - 3. Let a be o/15*3*x. Give y(a).
8
Let w(p) = 3*p - 4. Suppose -i + 3*h = -0*i + 5, 2*i - 4*h + 4 = 0. Suppose -i*c + 4 = -12. Give w(c).
8
Let o(q) be the first derivative of 3*q**2/2 - 6*q + 1. Determine o(4).
6
Suppose -3*q = -0*q - 6. Let k = 12 - 12. Let c(d) = q*d + 1 + k - 5. Give c(3).
2
Suppose s + 5*m - 13 = 0, 2*s - 4*m - 1 + 17 = 0. Let n(f) = 4*f + 3. Let t(k) = 5 + 5*k - k + 3*k. Let z(y) = 10*n(y) - 6*t(y). Calculate z(s).
4
Let a(l) = -2*l + 5 + 2 - 2 + l**2 - 2. Let r(b) = 4*b**2 - 9*b + 15. Let w(x) = 11*a(x) - 2*r(x). Determine w(2).
7
Let p(z) be the third derivative of z**5/60 - z**4/12 - z**3/6 - z**2. Suppose w + 1 = 4*c, w + 7 = 4*w - 2*c. Determine p(w).
2
Let b(n) = n**2 - 5*n + 5. Let y be 1/((-1)/(-4) + 0). Suppose -8 - 8 = -y*i. Determine b(i).
1
Let k(c) = -c**2 - 9*c - 4. Let j = -4 - -7. Suppose -3*h - 24 - j = 0. What is k(h)?
-4
Let a(z) = 5 + 4*z**2 + z**3 + 10*z - 21*z + 10*z. Let j(y) = y**3 - 6*y**2 + 5*y - 4. Let w be j(5). What is a(w)?
9
Let j(l) = -l**2 - 2*l. Let g be ((-12)/(-8))/((-2)/(-4)). Let w(x) = 0*x**2 + x - 4*x**2 + g*x**2 - 2. Let o be w(2). What is j(o)?
-8
Let p(g) = -g**2 + 2*g + 5. Let v(o) = o**2 - 8*o + 4. Let w be v(8). What is p(w)?
-3
Let b(u) = u**3 - 2*u**2 - 2*u - 3. Let p be -1*(3 + -2)*-3. Let l be b(p). Let h(f) = -f**2 - f + 1. What is h(l)?
1
Let c(g) = 0*g**2 + 1 + 4*g**2 + 2 - 4*g. Suppose -2*a - 3*a = -10. Determine c(a).
11
Let w(x) = -43 + 45 + 3*x**2 - x - 2*x. Determine w(2).
8
Let y(c) = -5*c**2 - 2*c + 1. Let h = -31 - -9. Let n = -21 - h. Give y(n).
-6
Let o(y) = 3*y - 7. Let d(b) = -1. Let f(c) = 6*d(c) - o(c). Calculate f(-2).
7
Let r(v) = v**3 + 3*v**2 - 4*v + 2. Let j be 4/2*(-3)/(-2). Suppose -2*k + 3*k + 1 = j*y, 5*y + 4*k = 30. Suppose -y*h = x + 6, 0*x + h - 7 = 2*x. What is r(x)?
2
Let n = -45 - -48. Let c(z) = -z**3 + 5*z**2 - 5*z + 3. Determine c(n).
6
Suppose -2*d + 7*d = -25. Suppose -u + 12 = 2*u. Let f(y) = 0*y + u + y - 5. Give f(d).
-6
Suppose 5*f + 1 = 4*f. Let z be 0/(3/(-3)*f). Let b be z*(-1)/2*-1. Let d(r) = -r**3 + 6. What is d(b)?
6
Let f(m) = -m**3 + 8*m**2 + 8*m - 2. Let w(d) = -d**3 - 12*d**2 - 9*d + 31. Let h be w(-11). What is f(h)?
-11
Let p(v) = -v + 1. Suppose 3*j - 4*u = 2*j - 23, 5*u = 25. Calculate p(j).
4
Let k(a) be the second derivative of 1/6*a**3 + 0 + 3*a - 1/2*a**2. Give k(-3).
-4
Suppose 15 = 5*t - 0. Let r(b) = -9*b**t - 5*b**2 - 1 - 2*b + 11*b**3 - b**3. Calculate r(5).
-11
Let a(p) = p**2 + 10*p + 1. Let l(r) = 3*r**2 + 29*r + 3. Let x(d) = 8*a(d) - 3*l(d). Give x(-6).
5
Let w be -1 - (-2 - (-4)/(-2)). Let k(b) = 2 + w*b**2 - 2*b**2 - 6*b + 1 + 3. Determine k(5).
1
Suppose 0 = -2*i - i. Let j be (8/(-12))/(8/12). Let p(c) = -c**2 - c - 1. Let d(h) = 6*h**2 + 5*h + 1. Let v(m) = j*d(m) - 5*p(m). Calculate v(i).
4
Let z(r) = r**2 + 2*r + 1. Let n = 25 + -18. Suppose k = -q - n, 4*k = -q - q - 24. What is z(q)?
1
Let j(d) = 2*d**3 + 6*d**2 + 8*d - 8. Let t(l) = l**3. Let v(x) = j(x) - 3*t(x). Calculate v(7).
-1
Let u(p) = -14*p**3 - 29*p**2 + 21*p - 24. Let w(d) = -5*d**3 - 10*d**2 + 7*d - 8. Let a(f) = 4*u(f) - 11*w(f). What is a(-7)?
-8
Let m(z) be the first derivative of 2*z**3/3 - 2*z**2 + z - 7. What is m(4)?
17
Let r(m) = -m**3 + 5*m**2 - 2*m - 5. Let i(n) = n**3 - 8*n**2 - n + 9. Let z be i(8). Let v be (-4)/6*(-5 - z). Give r(v).
3
Suppose -3*s - s + 8 = 0. Let k(p) = 0 + 2 + s - 1 + 4*p. What is k(-2)?
-5
Let t(y) be the second derivative of -y**7/2520 - y**6/720 - y**5/12 - y**4/12 - 4*y. Let s(g) be the third derivative of t(g). Let i = 3 + -3. What is s(i)?
-10
Let q(j) be the third derivative of j**4/24 - j**3/6 + 4*j**2. What is q(5)?
4
Let a(l) = -l**3 - 4*l**2 - 4. Let q be 158/18 - (-16)/72. Suppose -2*y + 1 - q = 0. Determine a(y).
-4
Let p(x) = x - 5. Let d(y) = -y + 4. Let v(m) = -4*d(m) - 3*p(m). Suppose -6*t = -3*t + 15. Give v(t).
-6
Let l(n) be the first derivative of -n**4/4 - 4*n**3/3 - n**2/2 + 4*n + 19. Let c(z) = -2*z + 7. Let g be c(5). Give l(g).
-2
Let g(y) = y**3 + 8*y**2 - y - 2. Let o be -6*(28/98 - (-22)/21). What is g(o)?
6
Let d(s) = s**2 + 2*s - 6. Let h be d(2). Let r(t) = 3 + 4*t**3 - 4 - t**2 + 2*t - 5*t**3. Give r(h).
-9
Let s be (0 - -3)/((-105)/28 - -3). Let a(k) = k**2 + 0*k + 3 + 3 + 7*k. Calculate a(s).
-6
Let v(x) = -x**2 + x - 20. Let d be (-2 - -2)*(6 + (-34)/6). Give v(d).
-20
Let n(p) be the second derivative of 1/12*p**4 + 3*p - 7/6*p**3 + 0 + 2*p**2. Calculate n(6).
-2
Suppose -m + 2*m - 5 = 0. Let f(g) = 4*g**2 + m*g**2 + 0*g**2 - 4*g**2 - 2 + 5*g - g**3. What is f(6)?
-8
Let j = 5 + -7. Let n(b) = 2*b**3 + 2*b**2 - 2*b. What is n(j)?
-4
Let r(l) be the second derivative of l**4/12 + 7*l**3/6 - 3*l**2 - 6